{"version":"1.0","provider_name":"Terres citoyennes albigeoises","provider_url":"https:\/\/terrescitoyennes.org","author_name":"La r\u00e9daction","author_url":"https:\/\/terrescitoyennes.org\/index.php\/author\/pascal-henry-albi\/","title":"Des brebis \u00e0 Albi ! - Terres citoyennes albigeoises","type":"rich","width":600,"height":338,"html":"<blockquote class=\"wp-embedded-content\" data-secret=\"J6rwmHQ5ss\"><a href=\"https:\/\/terrescitoyennes.org\/index.php\/2018\/06\/07\/des-brebis-a-albi\/\">Des brebis \u00e0 Albi !<\/a><\/blockquote><iframe sandbox=\"allow-scripts\" security=\"restricted\" src=\"https:\/\/terrescitoyennes.org\/index.php\/2018\/06\/07\/des-brebis-a-albi\/embed\/#?secret=J6rwmHQ5ss\" width=\"600\" height=\"338\" title=\"\u00ab\u00a0Des brebis \u00e0 Albi !\u00a0\u00bb &#8212; Terres citoyennes albigeoises\" data-secret=\"J6rwmHQ5ss\" frameborder=\"0\" marginwidth=\"0\" marginheight=\"0\" scrolling=\"no\" class=\"wp-embedded-content\"><\/iframe><script>\n\/*! This file is auto-generated *\/\n!function(d,l){\"use strict\";l.querySelector&&d.addEventListener&&\"undefined\"!=typeof URL&&(d.wp=d.wp||{},d.wp.receiveEmbedMessage||(d.wp.receiveEmbedMessage=function(e){var t=e.data;if((t||t.secret||t.message||t.value)&&!\/[^a-zA-Z0-9]\/.test(t.secret)){for(var s,r,n,a=l.querySelectorAll('iframe[data-secret=\"'+t.secret+'\"]'),o=l.querySelectorAll('blockquote[data-secret=\"'+t.secret+'\"]'),c=new RegExp(\"^https?:$\",\"i\"),i=0;i<o.length;i++)o[i].style.display=\"none\";for(i=0;i<a.length;i++)s=a[i],e.source===s.contentWindow&&(s.removeAttribute(\"style\"),\"height\"===t.message?(1e3<(r=parseInt(t.value,10))?r=1e3:~~r<200&&(r=200),s.height=r):\"link\"===t.message&&(r=new URL(s.getAttribute(\"src\")),n=new URL(t.value),c.test(n.protocol))&&n.host===r.host&&l.activeElement===s&&(d.top.location.href=t.value))}},d.addEventListener(\"message\",d.wp.receiveEmbedMessage,!1),l.addEventListener(\"DOMContentLoaded\",function(){for(var e,t,s=l.querySelectorAll(\"iframe.wp-embedded-content\"),r=0;r<s.length;r++)(t=(e=s[r]).getAttribute(\"data-secret\"))||(t=Math.random().toString(36).substring(2,12),e.src+=\"#?secret=\"+t,e.setAttribute(\"data-secret\",t)),e.contentWindow.postMessage({message:\"ready\",secret:t},\"*\")},!1)))}(window,document);\n<\/script>\n","description":"Le num\u00e9ro de mars d&rsquo;Albimag nous l&rsquo;annon\u00e7ait : Le num\u00e9ro de juin d&rsquo;Albimag nous le confirme : Les brebis ont donc d\u00e9barqu\u00e9 \u00e0 Albi\u00a0! C&rsquo;est Albrebis !!! Mais peut-\u00eatre, souhaitez-vous en savoir plus?\u00a0D&rsquo;o\u00f9 viennent ces brebis?\u00a0Ont-elles un berger? Ces brebis viennent de Petite Terre, ferme situ\u00e9e \u00e0 Le Dourn, pr\u00e8s de Valence d&rsquo;Albigeois. En agriculture [&hellip;]","thumbnail_url":"http:\/\/albivillecomestible.fr\/wp-content\/uploads\/2018\/06\/Albimag-mars-2018-page-14-Brebis-dAlbi.jpg"}

La rédaction

Des brebis à Albi ! - Terres citoyennes albigeoises

<blockquote class="wp-embedded-content" data-secret="J6rwmHQ5ss"><a href="https://terrescitoyennes.org/index.php/2018/06/07/des-brebis-a-albi/">Des brebis à Albi !</a></blockquote><iframe sandbox="allow-scripts" security="restricted" src="https://terrescitoyennes.org/index.php/2018/06/07/des-brebis-a-albi/embed/#?secret=J6rwmHQ5ss" width="600" height="338" title="« Des brebis à Albi ! » &#8212; Terres citoyennes albigeoises" data-secret="J6rwmHQ5ss" frameborder="0" marginwidth="0" marginheight="0" scrolling="no" class="wp-embedded-content"></iframe><script>
/*! This file is auto-generated */
!function(d,l){"use strict";l.querySelector&&d.addEventListener&&"undefined"!=typeof URL&&(d.wp=d.wp||{},d.wp.receiveEmbedMessage||(d.wp.receiveEmbedMessage=function(e){var t=e.data;if((t||t.secret||t.message||t.value)&&!/[^a-zA-Z0-9]/.test(t.secret)){for(var s,r,n,a=l.querySelectorAll('iframe[data-secret="'+t.secret+'"]'),o=l.querySelectorAll('blockquote[data-secret="'+t.secret+'"]'),c=new RegExp("^https?:$","i"),i=0;i<o.length;i++)o[i].style.display="none";for(i=0;i<a.length;i++)s=a[i],e.source===s.contentWindow&&(s.removeAttribute("style"),"height"===t.message?(1e3<(r=parseInt(t.value,10))?r=1e3:~~r<200&&(r=200),s.height=r):"link"===t.message&&(r=new URL(s.getAttribute("src")),n=new URL(t.value),c.test(n.protocol))&&n.host===r.host&&l.activeElement===s&&(d.top.location.href=t.value))}},d.addEventListener("message",d.wp.receiveEmbedMessage,!1),l.addEventListener("DOMContentLoaded",function(){for(var e,t,s=l.querySelectorAll("iframe.wp-embedded-content"),r=0;r<s.length;r++)(t=(e=s[r]).getAttribute("data-secret"))||(t=Math.random().toString(36).substring(2,12),e.src+="#?secret="+t,e.setAttribute("data-secret",t)),e.contentWindow.postMessage({message:"ready",secret:t},"*")},!1)))}(window,document);
</script>

Le numéro de mars d&rsquo;Albimag nous l&rsquo;annonçait : Le numéro de juin d&rsquo;Albimag nous le confirme : Les brebis ont donc débarqué à Albi ! C&rsquo;est Albrebis !!! Mais peut-être, souhaitez-vous en savoir plus? D&rsquo;où viennent ces brebis? Ont-elles un berger? Ces brebis viennent de Petite Terre, ferme située à Le Dourn, près de Valence d&rsquo;Albigeois. En agriculture [&hellip;]
