{"id":2115,"date":"2018-02-05T18:57:32","date_gmt":"2018-02-05T17:57:32","guid":{"rendered":"http:\/\/albivillecomestible.fr\/?page_id=209"},"modified":"2020-08-07T14:14:08","modified_gmt":"2020-08-07T12:14:08","slug":"aux-champs-citoyens-3","status":"publish","type":"page","link":"https:\/\/terrescitoyennes.org\/index.php\/aux-champs-citoyens-3\/","title":{"rendered":"&#8211; Aux champs, citoyens !"},"content":{"rendered":"<p><img loading=\"lazy\" decoding=\"async\" class=\"aligncenter wp-image-1612 size-full\" src=\"http:\/\/albivillecomestible.fr\/wp-content\/uploads\/2019\/09\/Aux-champs-1-bd.jpg\" alt=\"\" width=\"1000\" height=\"400\" srcset=\"https:\/\/terrescitoyennes.org\/wp-content\/uploads\/2019\/09\/Aux-champs-1-bd.jpg 1000w, https:\/\/terrescitoyennes.org\/wp-content\/uploads\/2019\/09\/Aux-champs-1-bd-300x120.jpg 300w, https:\/\/terrescitoyennes.org\/wp-content\/uploads\/2019\/09\/Aux-champs-1-bd-768x307.jpg 768w\" sizes=\"(max-width: 1000px) 100vw, 1000px\" \/><\/p>\n<p>Albi Ville Comestible est une association n\u00e9e fin 2017 \u00e0 Albi, et install\u00e9e depuis d\u00e9but 2019 \u00e0 Lescure d&rsquo;Albigeois&#8230;<\/p>\n<p>&#8230; avec un projet de reconqu\u00eate citoyenne de la plaine mara\u00eech\u00e8re historique de Lescure, pour aider de jeunes agriculteurs \u00e0 s&rsquo;installer et d\u00e9velopper une agriculture bio, locale et paysanne.<\/p>\n<p><img loading=\"lazy\" decoding=\"async\" class=\"aligncenter size-full wp-image-1613\" src=\"http:\/\/albivillecomestible.fr\/wp-content\/uploads\/2019\/09\/Aux-champs-2-bd.jpg\" alt=\"\" width=\"1000\" height=\"400\" srcset=\"https:\/\/terrescitoyennes.org\/wp-content\/uploads\/2019\/09\/Aux-champs-2-bd.jpg 1000w, https:\/\/terrescitoyennes.org\/wp-content\/uploads\/2019\/09\/Aux-champs-2-bd-300x120.jpg 300w, https:\/\/terrescitoyennes.org\/wp-content\/uploads\/2019\/09\/Aux-champs-2-bd-768x307.jpg 768w\" sizes=\"(max-width: 1000px) 100vw, 1000px\" \/><\/p>\n<p>&gt; La description d\u00e9taill\u00e9e du projet est disponible <a href=\"https:\/\/albivillecomestible.fr\/index.php\/proposition-en-cours\/\" target=\"_blank\" rel=\"noopener\">ici<\/a><\/p>\n<p>&gt; Avec l&rsquo;appel \u00e0 projets participatif de la R\u00e9gion Occitanie \u00ab\u00a0D\u00e9veloppons l&rsquo;\u00e9conomie circulaire\u00a0\u00bb, soutenez-nous <strong>avec vos votes !<\/strong> Toutes les explications <a href=\"https:\/\/albivillecomestible.fr\/index.php\/appel-a-projets-participatif-de-la-region-occitanie-a-vos-clics\/\" target=\"_blank\" rel=\"noopener\">ici<\/a><\/p>\n<p>&gt; Elles nous soutiennent d\u00e9j\u00e0 ! Pour en savoir plus, c&rsquo;est <a href=\"https:\/\/albivillecomestible.fr\/index.php\/elles-nous-soutiennent-deja\/\" target=\"_blank\" rel=\"noopener\">ici<\/a><\/p>\n","protected":false},"excerpt":{"rendered":"<p>Albi Ville Comestible est une association n\u00e9e fin 2017 \u00e0 Albi, et install\u00e9e depuis d\u00e9but 2019 \u00e0 Lescure d&rsquo;Albigeois&#8230; &#8230; avec un projet de reconqu\u00eate citoyenne de la plaine mara\u00eech\u00e8re historique de Lescure, pour aider de jeunes agriculteurs \u00e0 s&rsquo;installer et d\u00e9velopper une agriculture bio, locale et paysanne. &gt; La description d\u00e9taill\u00e9e du projet est [&hellip;]<\/p>\n","protected":false},"author":2,"featured_media":0,"parent":0,"menu_order":0,"comment_status":"closed","ping_status":"closed","template":"","meta":{"footnotes":""},"yoast_head":"<!-- This site is optimized with the Yoast SEO plugin v23.5 - https:\/\/yoast.com\/wordpress\/plugins\/seo\/ -->\n<title>- Aux champs, citoyens ! - Terres citoyennes albigeoises<\/title>\n<meta name=\"robots\" content=\"index, follow, max-snippet:-1, max-image-preview:large, max-video-preview:-1\" \/>\n<link rel=\"canonical\" href=\"https:\/\/terrescitoyennes.org\/index.php\/aux-champs-citoyens-3\/\" \/>\n<meta property=\"og:locale\" content=\"fr_FR\" \/>\n<meta property=\"og:type\" content=\"article\" \/>\n<meta property=\"og:title\" content=\"- Aux champs, citoyens ! - Terres citoyennes albigeoises\" \/>\n<meta property=\"og:description\" content=\"Albi Ville Comestible est une association n\u00e9e fin 2017 \u00e0 Albi, et install\u00e9e depuis d\u00e9but 2019 \u00e0 Lescure d&rsquo;Albigeois&#8230; &#8230; avec un projet de reconqu\u00eate citoyenne de la plaine mara\u00eech\u00e8re historique de Lescure, pour aider de jeunes agriculteurs \u00e0 s&rsquo;installer et d\u00e9velopper une agriculture bio, locale et paysanne. &gt; La description d\u00e9taill\u00e9e du projet est [&hellip;]\" \/>\n<meta property=\"og:url\" content=\"https:\/\/terrescitoyennes.org\/index.php\/aux-champs-citoyens-3\/\" \/>\n<meta property=\"og:site_name\" content=\"Terres citoyennes albigeoises\" \/>\n<meta property=\"article:publisher\" content=\"https:\/\/www.facebook.com\/Terres-citoyennes-albigeoises-513479312353377\/\" \/>\n<meta property=\"article:modified_time\" content=\"2020-08-07T12:14:08+00:00\" \/>\n<meta property=\"og:image\" content=\"http:\/\/albivillecomestible.fr\/wp-content\/uploads\/2019\/09\/Aux-champs-1-bd.jpg\" \/>\n<meta name=\"twitter:card\" content=\"summary_large_image\" \/>\n<script type=\"application\/ld+json\" class=\"yoast-schema-graph\">{\"@context\":\"https:\/\/schema.org\",\"@graph\":[{\"@type\":\"WebPage\",\"@id\":\"https:\/\/terrescitoyennes.org\/index.php\/aux-champs-citoyens-3\/\",\"url\":\"https:\/\/terrescitoyennes.org\/index.php\/aux-champs-citoyens-3\/\",\"name\":\"- Aux champs, citoyens ! - Terres citoyennes albigeoises\",\"isPartOf\":{\"@id\":\"https:\/\/terrescitoyennes.org\/#website\"},\"primaryImageOfPage\":{\"@id\":\"https:\/\/terrescitoyennes.org\/index.php\/aux-champs-citoyens-3\/#primaryimage\"},\"image\":{\"@id\":\"https:\/\/terrescitoyennes.org\/index.php\/aux-champs-citoyens-3\/#primaryimage\"},\"thumbnailUrl\":\"http:\/\/albivillecomestible.fr\/wp-content\/uploads\/2019\/09\/Aux-champs-1-bd.jpg\",\"datePublished\":\"2018-02-05T17:57:32+00:00\",\"dateModified\":\"2020-08-07T12:14:08+00:00\",\"breadcrumb\":{\"@id\":\"https:\/\/terrescitoyennes.org\/index.php\/aux-champs-citoyens-3\/#breadcrumb\"},\"inLanguage\":\"fr-FR\",\"potentialAction\":[{\"@type\":\"ReadAction\",\"target\":[\"https:\/\/terrescitoyennes.org\/index.php\/aux-champs-citoyens-3\/\"]}]},{\"@type\":\"ImageObject\",\"inLanguage\":\"fr-FR\",\"@id\":\"https:\/\/terrescitoyennes.org\/index.php\/aux-champs-citoyens-3\/#primaryimage\",\"url\":\"http:\/\/albivillecomestible.fr\/wp-content\/uploads\/2019\/09\/Aux-champs-1-bd.jpg\",\"contentUrl\":\"http:\/\/albivillecomestible.fr\/wp-content\/uploads\/2019\/09\/Aux-champs-1-bd.jpg\"},{\"@type\":\"BreadcrumbList\",\"@id\":\"https:\/\/terrescitoyennes.org\/index.php\/aux-champs-citoyens-3\/#breadcrumb\",\"itemListElement\":[{\"@type\":\"ListItem\",\"position\":1,\"name\":\"Accueil\",\"item\":\"https:\/\/terrescitoyennes.org\/\"},{\"@type\":\"ListItem\",\"position\":2,\"name\":\"&#8211; Aux champs, citoyens !\"}]},{\"@type\":\"WebSite\",\"@id\":\"https:\/\/terrescitoyennes.org\/#website\",\"url\":\"https:\/\/terrescitoyennes.org\/\",\"name\":\"Terres Citoyennes Albigeoises\",\"description\":\"\",\"publisher\":{\"@id\":\"https:\/\/terrescitoyennes.org\/#organization\"},\"potentialAction\":[{\"@type\":\"SearchAction\",\"target\":{\"@type\":\"EntryPoint\",\"urlTemplate\":\"https:\/\/terrescitoyennes.org\/?s={search_term_string}\"},\"query-input\":{\"@type\":\"PropertyValueSpecification\",\"valueRequired\":true,\"valueName\":\"search_term_string\"}}],\"inLanguage\":\"fr-FR\"},{\"@type\":\"Organization\",\"@id\":\"https:\/\/terrescitoyennes.org\/#organization\",\"name\":\"Terres Citoyennes Albigeoises\",\"url\":\"https:\/\/terrescitoyennes.org\/\",\"logo\":{\"@type\":\"ImageObject\",\"inLanguage\":\"fr-FR\",\"@id\":\"https:\/\/terrescitoyennes.org\/#\/schema\/logo\/image\/\",\"url\":\"https:\/\/terrescitoyennes.org\/wp-content\/uploads\/2020\/05\/LOGO-TC-propo-01.png\",\"contentUrl\":\"https:\/\/terrescitoyennes.org\/wp-content\/uploads\/2020\/05\/LOGO-TC-propo-01.png\",\"width\":519,\"height\":459,\"caption\":\"Terres Citoyennes Albigeoises\"},\"image\":{\"@id\":\"https:\/\/terrescitoyennes.org\/#\/schema\/logo\/image\/\"},\"sameAs\":[\"https:\/\/www.facebook.com\/Terres-citoyennes-albigeoises-513479312353377\/\"]}]}<\/script>\n<!-- \/ Yoast SEO plugin. -->","yoast_head_json":{"title":"- Aux champs, citoyens ! - Terres citoyennes albigeoises","robots":{"index":"index","follow":"follow","max-snippet":"max-snippet:-1","max-image-preview":"max-image-preview:large","max-video-preview":"max-video-preview:-1"},"canonical":"https:\/\/terrescitoyennes.org\/index.php\/aux-champs-citoyens-3\/","og_locale":"fr_FR","og_type":"article","og_title":"- Aux champs, citoyens ! - Terres citoyennes albigeoises","og_description":"Albi Ville Comestible est une association n\u00e9e fin 2017 \u00e0 Albi, et install\u00e9e depuis d\u00e9but 2019 \u00e0 Lescure d&rsquo;Albigeois&#8230; &#8230; avec un projet de reconqu\u00eate citoyenne de la plaine mara\u00eech\u00e8re historique de Lescure, pour aider de jeunes agriculteurs \u00e0 s&rsquo;installer et d\u00e9velopper une agriculture bio, locale et paysanne. &gt; La description d\u00e9taill\u00e9e du projet est [&hellip;]","og_url":"https:\/\/terrescitoyennes.org\/index.php\/aux-champs-citoyens-3\/","og_site_name":"Terres citoyennes albigeoises","article_publisher":"https:\/\/www.facebook.com\/Terres-citoyennes-albigeoises-513479312353377\/","article_modified_time":"2020-08-07T12:14:08+00:00","og_image":[{"url":"http:\/\/albivillecomestible.fr\/wp-content\/uploads\/2019\/09\/Aux-champs-1-bd.jpg"}],"twitter_card":"summary_large_image","schema":{"@context":"https:\/\/schema.org","@graph":[{"@type":"WebPage","@id":"https:\/\/terrescitoyennes.org\/index.php\/aux-champs-citoyens-3\/","url":"https:\/\/terrescitoyennes.org\/index.php\/aux-champs-citoyens-3\/","name":"- Aux champs, citoyens ! - Terres citoyennes albigeoises","isPartOf":{"@id":"https:\/\/terrescitoyennes.org\/#website"},"primaryImageOfPage":{"@id":"https:\/\/terrescitoyennes.org\/index.php\/aux-champs-citoyens-3\/#primaryimage"},"image":{"@id":"https:\/\/terrescitoyennes.org\/index.php\/aux-champs-citoyens-3\/#primaryimage"},"thumbnailUrl":"http:\/\/albivillecomestible.fr\/wp-content\/uploads\/2019\/09\/Aux-champs-1-bd.jpg","datePublished":"2018-02-05T17:57:32+00:00","dateModified":"2020-08-07T12:14:08+00:00","breadcrumb":{"@id":"https:\/\/terrescitoyennes.org\/index.php\/aux-champs-citoyens-3\/#breadcrumb"},"inLanguage":"fr-FR","potentialAction":[{"@type":"ReadAction","target":["https:\/\/terrescitoyennes.org\/index.php\/aux-champs-citoyens-3\/"]}]},{"@type":"ImageObject","inLanguage":"fr-FR","@id":"https:\/\/terrescitoyennes.org\/index.php\/aux-champs-citoyens-3\/#primaryimage","url":"http:\/\/albivillecomestible.fr\/wp-content\/uploads\/2019\/09\/Aux-champs-1-bd.jpg","contentUrl":"http:\/\/albivillecomestible.fr\/wp-content\/uploads\/2019\/09\/Aux-champs-1-bd.jpg"},{"@type":"BreadcrumbList","@id":"https:\/\/terrescitoyennes.org\/index.php\/aux-champs-citoyens-3\/#breadcrumb","itemListElement":[{"@type":"ListItem","position":1,"name":"Accueil","item":"https:\/\/terrescitoyennes.org\/"},{"@type":"ListItem","position":2,"name":"&#8211; Aux champs, citoyens !"}]},{"@type":"WebSite","@id":"https:\/\/terrescitoyennes.org\/#website","url":"https:\/\/terrescitoyennes.org\/","name":"Terres Citoyennes Albigeoises","description":"","publisher":{"@id":"https:\/\/terrescitoyennes.org\/#organization"},"potentialAction":[{"@type":"SearchAction","target":{"@type":"EntryPoint","urlTemplate":"https:\/\/terrescitoyennes.org\/?s={search_term_string}"},"query-input":{"@type":"PropertyValueSpecification","valueRequired":true,"valueName":"search_term_string"}}],"inLanguage":"fr-FR"},{"@type":"Organization","@id":"https:\/\/terrescitoyennes.org\/#organization","name":"Terres Citoyennes Albigeoises","url":"https:\/\/terrescitoyennes.org\/","logo":{"@type":"ImageObject","inLanguage":"fr-FR","@id":"https:\/\/terrescitoyennes.org\/#\/schema\/logo\/image\/","url":"https:\/\/terrescitoyennes.org\/wp-content\/uploads\/2020\/05\/LOGO-TC-propo-01.png","contentUrl":"https:\/\/terrescitoyennes.org\/wp-content\/uploads\/2020\/05\/LOGO-TC-propo-01.png","width":519,"height":459,"caption":"Terres Citoyennes Albigeoises"},"image":{"@id":"https:\/\/terrescitoyennes.org\/#\/schema\/logo\/image\/"},"sameAs":["https:\/\/www.facebook.com\/Terres-citoyennes-albigeoises-513479312353377\/"]}]}},"_links":{"self":[{"href":"https:\/\/terrescitoyennes.org\/index.php\/wp-json\/wp\/v2\/pages\/2115"}],"collection":[{"href":"https:\/\/terrescitoyennes.org\/index.php\/wp-json\/wp\/v2\/pages"}],"about":[{"href":"https:\/\/terrescitoyennes.org\/index.php\/wp-json\/wp\/v2\/types\/page"}],"author":[{"embeddable":true,"href":"https:\/\/terrescitoyennes.org\/index.php\/wp-json\/wp\/v2\/users\/2"}],"replies":[{"embeddable":true,"href":"https:\/\/terrescitoyennes.org\/index.php\/wp-json\/wp\/v2\/comments?post=2115"}],"version-history":[{"count":2,"href":"https:\/\/terrescitoyennes.org\/index.php\/wp-json\/wp\/v2\/pages\/2115\/revisions"}],"predecessor-version":[{"id":2819,"href":"https:\/\/terrescitoyennes.org\/index.php\/wp-json\/wp\/v2\/pages\/2115\/revisions\/2819"}],"wp:attachment":[{"href":"https:\/\/terrescitoyennes.org\/index.php\/wp-json\/wp\/v2\/media?parent=2115"}],"curies":[{"name":"wp","href":"https:\/\/api.w.org\/{rel}","templated":true}]}}

<p><img loading="lazy" decoding="async" class="aligncenter wp-image-1612 size-full" src="http://albivillecomestible.fr/wp-content/uploads/2019/09/Aux-champs-1-bd.jpg" alt="" width="1000" height="400" srcset="https://terrescitoyennes.org/wp-content/uploads/2019/09/Aux-champs-1-bd.jpg 1000w, https://terrescitoyennes.org/wp-content/uploads/2019/09/Aux-champs-1-bd-300x120.jpg 300w, https://terrescitoyennes.org/wp-content/uploads/2019/09/Aux-champs-1-bd-768x307.jpg 768w" sizes="(max-width: 1000px) 100vw, 1000px" /></p>
<p>Albi Ville Comestible est une association née fin 2017 à Albi, et installée depuis début 2019 à Lescure d&rsquo;Albigeois&#8230;</p>
<p>&#8230; avec un projet de reconquête citoyenne de la plaine maraîchère historique de Lescure, pour aider de jeunes agriculteurs à s&rsquo;installer et développer une agriculture bio, locale et paysanne.</p>
<p><img loading="lazy" decoding="async" class="aligncenter size-full wp-image-1613" src="http://albivillecomestible.fr/wp-content/uploads/2019/09/Aux-champs-2-bd.jpg" alt="" width="1000" height="400" srcset="https://terrescitoyennes.org/wp-content/uploads/2019/09/Aux-champs-2-bd.jpg 1000w, https://terrescitoyennes.org/wp-content/uploads/2019/09/Aux-champs-2-bd-300x120.jpg 300w, https://terrescitoyennes.org/wp-content/uploads/2019/09/Aux-champs-2-bd-768x307.jpg 768w" sizes="(max-width: 1000px) 100vw, 1000px" /></p>
<p>&gt; La description détaillée du projet est disponible <a href="https://albivillecomestible.fr/index.php/proposition-en-cours/" target="_blank" rel="noopener">ici</a></p>
<p>&gt; Avec l&rsquo;appel à projets participatif de la Région Occitanie « Développons l&rsquo;économie circulaire », soutenez-nous <strong>avec vos votes !</strong> Toutes les explications <a href="https://albivillecomestible.fr/index.php/appel-a-projets-participatif-de-la-region-occitanie-a-vos-clics/" target="_blank" rel="noopener">ici</a></p>
<p>&gt; Elles nous soutiennent déjà ! Pour en savoir plus, c&rsquo;est <a href="https://albivillecomestible.fr/index.php/elles-nous-soutiennent-deja/" target="_blank" rel="noopener">ici</a></p>

<p>Albi Ville Comestible est une association née fin 2017 à Albi, et installée depuis début 2019 à Lescure d&rsquo;Albigeois&#8230; &#8230; avec un projet de reconquête citoyenne de la plaine maraîchère historique de Lescure, pour aider de jeunes agriculteurs à s&rsquo;installer et développer une agriculture bio, locale et paysanne. &gt; La description détaillée du projet est [&hellip;]</p>

<!-- This site is optimized with the Yoast SEO plugin v23.5 - https://yoast.com/wordpress/plugins/seo/ -->
<title>- Aux champs, citoyens ! - Terres citoyennes albigeoises</title>
<meta name="robots" content="index, follow, max-snippet:-1, max-image-preview:large, max-video-preview:-1" />
<link rel="canonical" href="https://terrescitoyennes.org/index.php/aux-champs-citoyens-3/" />
<meta property="og:locale" content="fr_FR" />
<meta property="og:type" content="article" />
<meta property="og:title" content="- Aux champs, citoyens ! - Terres citoyennes albigeoises" />
<meta property="og:description" content="Albi Ville Comestible est une association née fin 2017 à Albi, et installée depuis début 2019 à Lescure d&rsquo;Albigeois&#8230; &#8230; avec un projet de reconquête citoyenne de la plaine maraîchère historique de Lescure, pour aider de jeunes agriculteurs à s&rsquo;installer et développer une agriculture bio, locale et paysanne. &gt; La description détaillée du projet est [&hellip;]" />
<meta property="og:url" content="https://terrescitoyennes.org/index.php/aux-champs-citoyens-3/" />
<meta property="og:site_name" content="Terres citoyennes albigeoises" />
<meta property="article:publisher" content="https://www.facebook.com/Terres-citoyennes-albigeoises-513479312353377/" />
<meta property="article:modified_time" content="2020-08-07T12:14:08+00:00" />
<meta property="og:image" content="http://albivillecomestible.fr/wp-content/uploads/2019/09/Aux-champs-1-bd.jpg" />
<meta name="twitter:card" content="summary_large_image" />
<script type="application/ld+json" class="yoast-schema-graph">{"@context":"https://schema.org","@graph":[{"@type":"WebPage","@id":"https://terrescitoyennes.org/index.php/aux-champs-citoyens-3/","url":"https://terrescitoyennes.org/index.php/aux-champs-citoyens-3/","name":"- Aux champs, citoyens ! - Terres citoyennes albigeoises","isPartOf":{"@id":"https://terrescitoyennes.org/#website"},"primaryImageOfPage":{"@id":"https://terrescitoyennes.org/index.php/aux-champs-citoyens-3/#primaryimage"},"image":{"@id":"https://terrescitoyennes.org/index.php/aux-champs-citoyens-3/#primaryimage"},"thumbnailUrl":"http://albivillecomestible.fr/wp-content/uploads/2019/09/Aux-champs-1-bd.jpg","datePublished":"2018-02-05T17:57:32+00:00","dateModified":"2020-08-07T12:14:08+00:00","breadcrumb":{"@id":"https://terrescitoyennes.org/index.php/aux-champs-citoyens-3/#breadcrumb"},"inLanguage":"fr-FR","potentialAction":[{"@type":"ReadAction","target":["https://terrescitoyennes.org/index.php/aux-champs-citoyens-3/"]}]},{"@type":"ImageObject","inLanguage":"fr-FR","@id":"https://terrescitoyennes.org/index.php/aux-champs-citoyens-3/#primaryimage","url":"http://albivillecomestible.fr/wp-content/uploads/2019/09/Aux-champs-1-bd.jpg","contentUrl":"http://albivillecomestible.fr/wp-content/uploads/2019/09/Aux-champs-1-bd.jpg"},{"@type":"BreadcrumbList","@id":"https://terrescitoyennes.org/index.php/aux-champs-citoyens-3/#breadcrumb","itemListElement":[{"@type":"ListItem","position":1,"name":"Accueil","item":"https://terrescitoyennes.org/"},{"@type":"ListItem","position":2,"name":"&#8211; Aux champs, citoyens !"}]},{"@type":"WebSite","@id":"https://terrescitoyennes.org/#website","url":"https://terrescitoyennes.org/","name":"Terres Citoyennes Albigeoises","description":"","publisher":{"@id":"https://terrescitoyennes.org/#organization"},"potentialAction":[{"@type":"SearchAction","target":{"@type":"EntryPoint","urlTemplate":"https://terrescitoyennes.org/?s={search_term_string}"},"query-input":{"@type":"PropertyValueSpecification","valueRequired":true,"valueName":"search_term_string"}}],"inLanguage":"fr-FR"},{"@type":"Organization","@id":"https://terrescitoyennes.org/#organization","name":"Terres Citoyennes Albigeoises","url":"https://terrescitoyennes.org/","logo":{"@type":"ImageObject","inLanguage":"fr-FR","@id":"https://terrescitoyennes.org/#/schema/logo/image/","url":"https://terrescitoyennes.org/wp-content/uploads/2020/05/LOGO-TC-propo-01.png","contentUrl":"https://terrescitoyennes.org/wp-content/uploads/2020/05/LOGO-TC-propo-01.png","width":519,"height":459,"caption":"Terres Citoyennes Albigeoises"},"image":{"@id":"https://terrescitoyennes.org/#/schema/logo/image/"},"sameAs":["https://www.facebook.com/Terres-citoyennes-albigeoises-513479312353377/"]}]}</script>
<!-- / Yoast SEO plugin. -->

Albi Ville Comestible est une association née fin 2017 à Albi, et installée depuis début 2019 à Lescure d&rsquo;Albigeois&#8230; &#8230; avec un projet de reconquête citoyenne de la plaine maraîchère historique de Lescure, pour aider de jeunes agriculteurs à s&rsquo;installer et développer une agriculture bio, locale et paysanne. &gt; La description détaillée du projet est [&hellip;]
