{"id":2433,"date":"2020-12-03T18:21:06","date_gmt":"2020-12-03T17:21:06","guid":{"rendered":"https:\/\/terrescitoyennes.org\/?page_id=2433"},"modified":"2021-09-23T13:08:35","modified_gmt":"2021-09-23T11:08:35","slug":"nous-suivre-nous-contacter-nous-rencontrer","status":"publish","type":"page","link":"https:\/\/terrescitoyennes.org\/index.php\/nous-suivre-nous-contacter-nous-rencontrer\/","title":{"rendered":"Nous suivre, nous contacter, nous rencontrer&#8230;"},"content":{"rendered":"\n<h4 class=\"wp-block-heading\">Vous souhaitez nous suivre, recevoir nos actualit\u00e9s?<\/h4>\n\n\n\n<ul><li>Abonnez-vous \u00e0 notre Lettre d&rsquo;information mensuelle, en nous envoyant un<a href=\"mailto:contact@terrescitoyennes.org?subject=abonnement \u00e0 la lettre d'informations mensuelle&amp;body=Bonjour, pouvez-vous m'abonner \u00e0 votre lettre d'information mensuelle, s'il vous plait?\"><strong> mail d&rsquo;abonnement ici<\/strong><\/a><\/li><li>D\u00e9couvrez, aimez et abonnez-vous \u00e0 notre <a rel=\"noreferrer noopener\" href=\"https:\/\/www.facebook.com\/Terres-citoyennes-albigeoises-513479312353377\/?modal=admin_todo_tour\" target=\"_blank\"><strong>page facebook ici<\/strong><\/a><\/li><\/ul>\n\n\n\n<h4 class=\"wp-block-heading\">Vous souhaitez nous contacter?<\/h4>\n\n\n\n<ul><li>envoyez nous un mail : <a aria-label=\"contact@terrescitoyennes.org (s\u2019ouvre dans un nouvel onglet)\" href=\"mailto:contact@terrescitoyennes.org\" target=\"_blank\" rel=\"noreferrer noopener\"><strong>contact@terrescitoyennes.org<\/strong><\/a><\/li><li>ou \u00e9crivez nous : Terres citoyennes albigeoises &#8211; 138 chemin du Serayol Haut &#8211; 81380 Lescure d&rsquo;Albigeois<\/li><\/ul>\n\n\n\n<h4 class=\"wp-block-heading\">Vous souhaitez nous rencontrer?<\/h4>\n\n\n\n<ul><li>Nos permanences : chaque mercredi de 18h \u00e0 20h \u00e0 notre local \u00e0 la Grange du Serayol &#8211; 138 chemin du Serayol Haut &#8211; 81380 Lescure d&rsquo;Albigeois,<\/li><li>Nos rendez-vous au jardin citoyen devant la m\u00e9diath\u00e8que de Lescure, chaque 1er samedi du mois de 10h \u00e0 12h,<\/li><li>Lors de nos \u00e9v\u00e8nements (en suivant notre lettre d&rsquo;information&#8230;)<\/li><li>Sur rendez-vous.<\/li><\/ul>\n\n\n\n\n\n<p><br><\/p>\n\n\n\n<p><br><\/p>\n","protected":false},"excerpt":{"rendered":"<p>Vous souhaitez nous suivre, recevoir nos actualit\u00e9s? Abonnez-vous \u00e0 notre Lettre d&rsquo;information mensuelle, en nous envoyant un mail d&rsquo;abonnement ici D\u00e9couvrez, aimez et abonnez-vous \u00e0 notre page facebook ici Vous souhaitez nous contacter? envoyez nous un mail : contact@terrescitoyennes.org ou \u00e9crivez nous : Terres citoyennes albigeoises &#8211; 138 chemin du Serayol Haut &#8211; 81380 Lescure [&hellip;]<\/p>\n","protected":false},"author":2,"featured_media":0,"parent":0,"menu_order":0,"comment_status":"closed","ping_status":"closed","template":"","meta":{"footnotes":""},"yoast_head":"<!-- This site is optimized with the Yoast SEO plugin v23.5 - https:\/\/yoast.com\/wordpress\/plugins\/seo\/ -->\n<title>Nous suivre, nous contacter, nous rencontrer... - Terres citoyennes albigeoises<\/title>\n<meta name=\"robots\" content=\"index, follow, max-snippet:-1, max-image-preview:large, max-video-preview:-1\" \/>\n<link rel=\"canonical\" href=\"https:\/\/terrescitoyennes.org\/index.php\/nous-suivre-nous-contacter-nous-rencontrer\/\" \/>\n<meta property=\"og:locale\" content=\"fr_FR\" \/>\n<meta property=\"og:type\" content=\"article\" \/>\n<meta property=\"og:title\" content=\"Nous suivre, nous contacter, nous rencontrer... - Terres citoyennes albigeoises\" \/>\n<meta property=\"og:description\" content=\"Vous souhaitez nous suivre, recevoir nos actualit\u00e9s? Abonnez-vous \u00e0 notre Lettre d&rsquo;information mensuelle, en nous envoyant un mail d&rsquo;abonnement ici D\u00e9couvrez, aimez et abonnez-vous \u00e0 notre page facebook ici Vous souhaitez nous contacter? envoyez nous un mail : contact@terrescitoyennes.org ou \u00e9crivez nous : Terres citoyennes albigeoises &#8211; 138 chemin du Serayol Haut &#8211; 81380 Lescure [&hellip;]\" \/>\n<meta property=\"og:url\" content=\"https:\/\/terrescitoyennes.org\/index.php\/nous-suivre-nous-contacter-nous-rencontrer\/\" \/>\n<meta property=\"og:site_name\" content=\"Terres citoyennes albigeoises\" \/>\n<meta property=\"article:publisher\" content=\"https:\/\/www.facebook.com\/Terres-citoyennes-albigeoises-513479312353377\/\" \/>\n<meta property=\"article:modified_time\" content=\"2021-09-23T11:08:35+00:00\" \/>\n<meta name=\"twitter:card\" content=\"summary_large_image\" \/>\n<meta name=\"twitter:label1\" content=\"Dur\u00e9e de lecture estim\u00e9e\" \/>\n\t<meta name=\"twitter:data1\" content=\"1 minute\" \/>\n<script type=\"application\/ld+json\" class=\"yoast-schema-graph\">{\"@context\":\"https:\/\/schema.org\",\"@graph\":[{\"@type\":\"WebPage\",\"@id\":\"https:\/\/terrescitoyennes.org\/index.php\/nous-suivre-nous-contacter-nous-rencontrer\/\",\"url\":\"https:\/\/terrescitoyennes.org\/index.php\/nous-suivre-nous-contacter-nous-rencontrer\/\",\"name\":\"Nous suivre, nous contacter, nous rencontrer... - Terres citoyennes albigeoises\",\"isPartOf\":{\"@id\":\"https:\/\/terrescitoyennes.org\/#website\"},\"datePublished\":\"2020-12-03T17:21:06+00:00\",\"dateModified\":\"2021-09-23T11:08:35+00:00\",\"breadcrumb\":{\"@id\":\"https:\/\/terrescitoyennes.org\/index.php\/nous-suivre-nous-contacter-nous-rencontrer\/#breadcrumb\"},\"inLanguage\":\"fr-FR\",\"potentialAction\":[{\"@type\":\"ReadAction\",\"target\":[\"https:\/\/terrescitoyennes.org\/index.php\/nous-suivre-nous-contacter-nous-rencontrer\/\"]}]},{\"@type\":\"BreadcrumbList\",\"@id\":\"https:\/\/terrescitoyennes.org\/index.php\/nous-suivre-nous-contacter-nous-rencontrer\/#breadcrumb\",\"itemListElement\":[{\"@type\":\"ListItem\",\"position\":1,\"name\":\"Accueil\",\"item\":\"https:\/\/terrescitoyennes.org\/\"},{\"@type\":\"ListItem\",\"position\":2,\"name\":\"Nous suivre, nous contacter, nous rencontrer&#8230;\"}]},{\"@type\":\"WebSite\",\"@id\":\"https:\/\/terrescitoyennes.org\/#website\",\"url\":\"https:\/\/terrescitoyennes.org\/\",\"name\":\"Terres Citoyennes Albigeoises\",\"description\":\"\",\"publisher\":{\"@id\":\"https:\/\/terrescitoyennes.org\/#organization\"},\"potentialAction\":[{\"@type\":\"SearchAction\",\"target\":{\"@type\":\"EntryPoint\",\"urlTemplate\":\"https:\/\/terrescitoyennes.org\/?s={search_term_string}\"},\"query-input\":{\"@type\":\"PropertyValueSpecification\",\"valueRequired\":true,\"valueName\":\"search_term_string\"}}],\"inLanguage\":\"fr-FR\"},{\"@type\":\"Organization\",\"@id\":\"https:\/\/terrescitoyennes.org\/#organization\",\"name\":\"Terres Citoyennes Albigeoises\",\"url\":\"https:\/\/terrescitoyennes.org\/\",\"logo\":{\"@type\":\"ImageObject\",\"inLanguage\":\"fr-FR\",\"@id\":\"https:\/\/terrescitoyennes.org\/#\/schema\/logo\/image\/\",\"url\":\"https:\/\/terrescitoyennes.org\/wp-content\/uploads\/2020\/05\/LOGO-TC-propo-01.png\",\"contentUrl\":\"https:\/\/terrescitoyennes.org\/wp-content\/uploads\/2020\/05\/LOGO-TC-propo-01.png\",\"width\":519,\"height\":459,\"caption\":\"Terres Citoyennes Albigeoises\"},\"image\":{\"@id\":\"https:\/\/terrescitoyennes.org\/#\/schema\/logo\/image\/\"},\"sameAs\":[\"https:\/\/www.facebook.com\/Terres-citoyennes-albigeoises-513479312353377\/\"]}]}<\/script>\n<!-- \/ Yoast SEO plugin. -->","yoast_head_json":{"title":"Nous suivre, nous contacter, nous rencontrer... - Terres citoyennes albigeoises","robots":{"index":"index","follow":"follow","max-snippet":"max-snippet:-1","max-image-preview":"max-image-preview:large","max-video-preview":"max-video-preview:-1"},"canonical":"https:\/\/terrescitoyennes.org\/index.php\/nous-suivre-nous-contacter-nous-rencontrer\/","og_locale":"fr_FR","og_type":"article","og_title":"Nous suivre, nous contacter, nous rencontrer... - Terres citoyennes albigeoises","og_description":"Vous souhaitez nous suivre, recevoir nos actualit\u00e9s? Abonnez-vous \u00e0 notre Lettre d&rsquo;information mensuelle, en nous envoyant un mail d&rsquo;abonnement ici D\u00e9couvrez, aimez et abonnez-vous \u00e0 notre page facebook ici Vous souhaitez nous contacter? envoyez nous un mail : contact@terrescitoyennes.org ou \u00e9crivez nous : Terres citoyennes albigeoises &#8211; 138 chemin du Serayol Haut &#8211; 81380 Lescure [&hellip;]","og_url":"https:\/\/terrescitoyennes.org\/index.php\/nous-suivre-nous-contacter-nous-rencontrer\/","og_site_name":"Terres citoyennes albigeoises","article_publisher":"https:\/\/www.facebook.com\/Terres-citoyennes-albigeoises-513479312353377\/","article_modified_time":"2021-09-23T11:08:35+00:00","twitter_card":"summary_large_image","twitter_misc":{"Dur\u00e9e de lecture estim\u00e9e":"1 minute"},"schema":{"@context":"https:\/\/schema.org","@graph":[{"@type":"WebPage","@id":"https:\/\/terrescitoyennes.org\/index.php\/nous-suivre-nous-contacter-nous-rencontrer\/","url":"https:\/\/terrescitoyennes.org\/index.php\/nous-suivre-nous-contacter-nous-rencontrer\/","name":"Nous suivre, nous contacter, nous rencontrer... - Terres citoyennes albigeoises","isPartOf":{"@id":"https:\/\/terrescitoyennes.org\/#website"},"datePublished":"2020-12-03T17:21:06+00:00","dateModified":"2021-09-23T11:08:35+00:00","breadcrumb":{"@id":"https:\/\/terrescitoyennes.org\/index.php\/nous-suivre-nous-contacter-nous-rencontrer\/#breadcrumb"},"inLanguage":"fr-FR","potentialAction":[{"@type":"ReadAction","target":["https:\/\/terrescitoyennes.org\/index.php\/nous-suivre-nous-contacter-nous-rencontrer\/"]}]},{"@type":"BreadcrumbList","@id":"https:\/\/terrescitoyennes.org\/index.php\/nous-suivre-nous-contacter-nous-rencontrer\/#breadcrumb","itemListElement":[{"@type":"ListItem","position":1,"name":"Accueil","item":"https:\/\/terrescitoyennes.org\/"},{"@type":"ListItem","position":2,"name":"Nous suivre, nous contacter, nous rencontrer&#8230;"}]},{"@type":"WebSite","@id":"https:\/\/terrescitoyennes.org\/#website","url":"https:\/\/terrescitoyennes.org\/","name":"Terres Citoyennes Albigeoises","description":"","publisher":{"@id":"https:\/\/terrescitoyennes.org\/#organization"},"potentialAction":[{"@type":"SearchAction","target":{"@type":"EntryPoint","urlTemplate":"https:\/\/terrescitoyennes.org\/?s={search_term_string}"},"query-input":{"@type":"PropertyValueSpecification","valueRequired":true,"valueName":"search_term_string"}}],"inLanguage":"fr-FR"},{"@type":"Organization","@id":"https:\/\/terrescitoyennes.org\/#organization","name":"Terres Citoyennes Albigeoises","url":"https:\/\/terrescitoyennes.org\/","logo":{"@type":"ImageObject","inLanguage":"fr-FR","@id":"https:\/\/terrescitoyennes.org\/#\/schema\/logo\/image\/","url":"https:\/\/terrescitoyennes.org\/wp-content\/uploads\/2020\/05\/LOGO-TC-propo-01.png","contentUrl":"https:\/\/terrescitoyennes.org\/wp-content\/uploads\/2020\/05\/LOGO-TC-propo-01.png","width":519,"height":459,"caption":"Terres Citoyennes Albigeoises"},"image":{"@id":"https:\/\/terrescitoyennes.org\/#\/schema\/logo\/image\/"},"sameAs":["https:\/\/www.facebook.com\/Terres-citoyennes-albigeoises-513479312353377\/"]}]}},"_links":{"self":[{"href":"https:\/\/terrescitoyennes.org\/index.php\/wp-json\/wp\/v2\/pages\/2433"}],"collection":[{"href":"https:\/\/terrescitoyennes.org\/index.php\/wp-json\/wp\/v2\/pages"}],"about":[{"href":"https:\/\/terrescitoyennes.org\/index.php\/wp-json\/wp\/v2\/types\/page"}],"author":[{"embeddable":true,"href":"https:\/\/terrescitoyennes.org\/index.php\/wp-json\/wp\/v2\/users\/2"}],"replies":[{"embeddable":true,"href":"https:\/\/terrescitoyennes.org\/index.php\/wp-json\/wp\/v2\/comments?post=2433"}],"version-history":[{"count":28,"href":"https:\/\/terrescitoyennes.org\/index.php\/wp-json\/wp\/v2\/pages\/2433\/revisions"}],"predecessor-version":[{"id":2994,"href":"https:\/\/terrescitoyennes.org\/index.php\/wp-json\/wp\/v2\/pages\/2433\/revisions\/2994"}],"wp:attachment":[{"href":"https:\/\/terrescitoyennes.org\/index.php\/wp-json\/wp\/v2\/media?parent=2433"}],"curies":[{"name":"wp","href":"https:\/\/api.w.org\/{rel}","templated":true}]}}